[INFO] cloning repository https://github.com/jsdw/boundvariable
[INFO] running `Command { std: "git" "-c" "credential.helper=" "-c" "credential.helper=/workspace/cargo-home/bin/git-credential-null" "clone" "--bare" "https://github.com/jsdw/boundvariable" "/workspace/cache/git-repos/https%3A%2F%2Fgithub.com%2Fjsdw%2Fboundvariable", kill_on_drop: false }`
[INFO] [stderr] Cloning into bare repository '/workspace/cache/git-repos/https%3A%2F%2Fgithub.com%2Fjsdw%2Fboundvariable'...
[INFO] running `Command { std: "git" "rev-parse" "HEAD", kill_on_drop: false }`
[INFO] [stdout] bfb34083f5a3b7588d31630f59538d6585f93dba
[INFO] building jsdw/boundvariable against master#ff34b919075f35a1787659e9c448a34b06bab8de for issue-85264
[INFO] running `Command { std: "git" "clone" "/workspace/cache/git-repos/https%3A%2F%2Fgithub.com%2Fjsdw%2Fboundvariable" "/workspace/builds/worker-7/source", kill_on_drop: false }`
[INFO] [stderr] Cloning into '/workspace/builds/worker-7/source'...
[INFO] [stderr] done.
[INFO] validating manifest of git repo https://github.com/jsdw/boundvariable on toolchain ff34b919075f35a1787659e9c448a34b06bab8de
[INFO] running `Command { std: "/workspace/cargo-home/bin/cargo" "+ff34b919075f35a1787659e9c448a34b06bab8de" "metadata" "--manifest-path" "Cargo.toml" "--no-deps", kill_on_drop: false }`
[INFO] removed /workspace/builds/worker-7/source/rust-toolchain
[INFO] started tweaking git repo https://github.com/jsdw/boundvariable
[INFO] finished tweaking git repo https://github.com/jsdw/boundvariable
[INFO] tweaked toml for git repo https://github.com/jsdw/boundvariable written to /workspace/builds/worker-7/source/Cargo.toml
[INFO] crate git repo https://github.com/jsdw/boundvariable already has a lockfile, it will not be regenerated
[INFO] running `Command { std: "/workspace/cargo-home/bin/cargo" "+ff34b919075f35a1787659e9c448a34b06bab8de" "fetch" "--manifest-path" "Cargo.toml", kill_on_drop: false }`
[INFO] running `Command { std: "docker" "create" "-v" "/var/lib/crater-agent-workspace/builds/worker-7/target:/opt/rustwide/target:rw,Z" "-v" "/var/lib/crater-agent-workspace/builds/worker-7/source:/opt/rustwide/workdir:ro,Z" "-v" "/var/lib/crater-agent-workspace/cargo-home:/opt/rustwide/cargo-home:ro,Z" "-v" "/var/lib/crater-agent-workspace/rustup-home:/opt/rustwide/rustup-home:ro,Z" "-e" "SOURCE_DIR=/opt/rustwide/workdir" "-e" "CARGO_TARGET_DIR=/opt/rustwide/target" "-e" "CARGO_HOME=/opt/rustwide/cargo-home" "-e" "RUSTUP_HOME=/opt/rustwide/rustup-home" "-w" "/opt/rustwide/workdir" "-m" "1610612736" "--user" "0:0" "--network" "none" "ghcr.io/rust-lang/crates-build-env/linux@sha256:20528e8c29e4536546f0102ce88568b16ea7538393a33fcca951030f7af10457" "/opt/rustwide/cargo-home/bin/cargo" "+ff34b919075f35a1787659e9c448a34b06bab8de" "metadata" "--no-deps" "--format-version=1", kill_on_drop: false }`
[INFO] [stderr] WARNING: Your kernel does not support swap limit capabilities or the cgroup is not mounted. Memory limited without swap.
[INFO] [stdout] fca3c77d8acf3900eb9dc7502831b4cb0db1ecb41ae09c3f51c83453ba58433e
[INFO] running `Command { std: "docker" "start" "-a" "fca3c77d8acf3900eb9dc7502831b4cb0db1ecb41ae09c3f51c83453ba58433e", kill_on_drop: false }`
[INFO] running `Command { std: "docker" "inspect" "fca3c77d8acf3900eb9dc7502831b4cb0db1ecb41ae09c3f51c83453ba58433e", kill_on_drop: false }`
[INFO] running `Command { std: "docker" "rm" "-f" "fca3c77d8acf3900eb9dc7502831b4cb0db1ecb41ae09c3f51c83453ba58433e", kill_on_drop: false }`
[INFO] [stdout] fca3c77d8acf3900eb9dc7502831b4cb0db1ecb41ae09c3f51c83453ba58433e
[INFO] running `Command { std: "docker" "create" "-v" "/var/lib/crater-agent-workspace/builds/worker-7/target:/opt/rustwide/target:rw,Z" "-v" "/var/lib/crater-agent-workspace/builds/worker-7/source:/opt/rustwide/workdir:ro,Z" "-v" "/var/lib/crater-agent-workspace/cargo-home:/opt/rustwide/cargo-home:ro,Z" "-v" "/var/lib/crater-agent-workspace/rustup-home:/opt/rustwide/rustup-home:ro,Z" "-e" "SOURCE_DIR=/opt/rustwide/workdir" "-e" "CARGO_TARGET_DIR=/opt/rustwide/target" "-e" "CARGO_INCREMENTAL=0" "-e" "RUST_BACKTRACE=full" "-e" "RUSTFLAGS=--cap-lints=forbid" "-e" "CARGO_HOME=/opt/rustwide/cargo-home" "-e" "RUSTUP_HOME=/opt/rustwide/rustup-home" "-w" "/opt/rustwide/workdir" "-m" "1610612736" "--user" "0:0" "--network" "none" "ghcr.io/rust-lang/crates-build-env/linux@sha256:20528e8c29e4536546f0102ce88568b16ea7538393a33fcca951030f7af10457" "/opt/rustwide/cargo-home/bin/cargo" "+ff34b919075f35a1787659e9c448a34b06bab8de" "build" "--frozen" "--message-format=json", kill_on_drop: false }`
[INFO] [stdout] 94f32d7cdfeb4ee1a0a6df7a6e3e73f6034505193be9b2920a72b910a7f12433
[INFO] [stderr] WARNING: Your kernel does not support swap limit capabilities or the cgroup is not mounted. Memory limited without swap.
[INFO] running `Command { std: "docker" "start" "-a" "94f32d7cdfeb4ee1a0a6df7a6e3e73f6034505193be9b2920a72b910a7f12433", kill_on_drop: false }`
[INFO] [stderr]     Blocking waiting for file lock on package cache
[INFO] [stderr]    Compiling libc v0.2.43
[INFO] [stderr]    Compiling crossbeam-utils v0.5.0
[INFO] [stderr]    Compiling futures v0.1.25
[INFO] [stderr]    Compiling semver-parser v0.7.0
[INFO] [stderr]    Compiling memoffset v0.2.1
[INFO] [stderr]    Compiling slab v0.4.1
[INFO] [stderr]    Compiling lazycell v1.2.0
[INFO] [stderr]    Compiling proc-macro2 v0.4.20
[INFO] [stderr]    Compiling unicode-xid v0.1.0
[INFO] [stderr]    Compiling unicode-width v0.1.5
[INFO] [stderr]    Compiling strsim v0.7.0
[INFO] [stderr]    Compiling ansi_term v0.11.0
[INFO] [stderr]    Compiling vec_map v0.8.1
[INFO] [stderr]    Compiling unreachable v1.0.0
[INFO] [stderr]    Compiling owning_ref v0.3.3
[INFO] [stderr]    Compiling jemalloc-sys v0.1.8
[INFO] [stderr]    Compiling smallvec v0.6.5
[INFO] [stderr]    Compiling textwrap v0.10.0
[INFO] [stderr]    Compiling lock_api v0.1.4
[INFO] [stderr]    Compiling crossbeam-epoch v0.5.2
[INFO] [stderr]    Compiling crossbeam-epoch v0.6.0
[INFO] [stderr]    Compiling semver v0.9.0
[INFO] [stderr]    Compiling rustc_version v0.2.3
[INFO] [stderr]    Compiling iovec v0.1.2
[INFO] [stderr]    Compiling rand v0.5.5
[INFO] [stderr]    Compiling net2 v0.2.33
[INFO] [stderr]    Compiling num_cpus v1.8.0
[INFO] [stderr]    Compiling atty v0.2.11
[INFO] [stderr]    Compiling crossbeam-deque v0.6.1
[INFO] [stderr]    Compiling crossbeam-deque v0.5.2
[INFO] [stderr]    Compiling clap v2.32.0
[INFO] [stderr]    Compiling bytes v0.4.10
[INFO] [stderr]    Compiling parking_lot_core v0.3.1
[INFO] [stderr]    Compiling mio v0.6.16
[INFO] [stderr]    Compiling quote v0.6.9
[INFO] [stderr]    Compiling syn v0.15.18
[INFO] [stderr]    Compiling tokio-executor v0.1.5
[INFO] [stderr]    Compiling tokio-io v0.1.10
[INFO] [stderr]    Compiling mio-uds v0.6.7
[INFO] [stderr]    Compiling tokio-current-thread v0.1.3
[INFO] [stderr]    Compiling tokio-timer v0.2.7
[INFO] [stderr]    Compiling tokio-threadpool v0.1.8
[INFO] [stderr]    Compiling tokio-codec v0.1.1
[INFO] [stderr]    Compiling tokio-async-await v0.1.4
[INFO] [stderr]    Compiling parking_lot v0.6.4
[INFO] [stdout] error[E0557]: feature has been removed
[INFO] [stdout]  --> /opt/rustwide/cargo-home/registry/src/github.com-1ecc6299db9ec823/tokio-async-await-0.1.4/src/lib.rs:6:5
[INFO] [stdout]   |
[INFO] [stdout] 6 |     await_macro,
[INFO] [stdout]   |     ^^^^^^^^^^^ feature has been removed
[INFO] [stdout]   |
[INFO] [stdout]   = note: subsumed by `.await` syntax
[INFO] [stdout] 
[INFO] [stdout] 
[INFO] [stdout] error[E0432]: unresolved import `std::task::LocalWaker`
[INFO] [stdout]  --> /opt/rustwide/cargo-home/registry/src/github.com-1ecc6299db9ec823/tokio-async-await-0.1.4/src/compat/forward.rs:7:17
[INFO] [stdout]   |
[INFO] [stdout] 7 | use std::task::{LocalWaker, Poll as StdPoll};
[INFO] [stdout]   |                 ^^^^^^^^^^ no `LocalWaker` in `task`
[INFO] [stdout] 
[INFO] [stdout] 
[INFO] [stdout] error[E0432]: unresolved imports `std::task::LocalWaker`, `std::task::UnsafeWake`
[INFO] [stdout]   --> /opt/rustwide/cargo-home/registry/src/github.com-1ecc6299db9ec823/tokio-async-await-0.1.4/src/compat/backward.rs:9:5
[INFO] [stdout]    |
[INFO] [stdout] 9  |     LocalWaker,
[INFO] [stdout]    |     ^^^^^^^^^^ no `LocalWaker` in `task`
[INFO] [stdout] 10 |     Poll as StdPoll,
[INFO] [stdout] 11 |     UnsafeWake,
[INFO] [stdout]    |     ^^^^^^^^^^ no `UnsafeWake` in `task`
[INFO] [stdout] 
[INFO] [stdout] 
[INFO] [stdout] error[E0432]: unresolved import `std::task::LocalWaker`
[INFO] [stdout]  --> /opt/rustwide/cargo-home/registry/src/github.com-1ecc6299db9ec823/tokio-async-await-0.1.4/src/io/flush.rs:8:17
[INFO] [stdout]   |
[INFO] [stdout] 8 | use std::task::{LocalWaker, Poll};
[INFO] [stdout]   |                 ^^^^^^^^^^ no `LocalWaker` in `task`
[INFO] [stdout] 
[INFO] [stdout] 
[INFO] [stdout] error[E0432]: unresolved import `std::task::LocalWaker`
[INFO] [stdout]  --> /opt/rustwide/cargo-home/registry/src/github.com-1ecc6299db9ec823/tokio-async-await-0.1.4/src/stream/next.rs:6:17
[INFO] [stdout]   |
[INFO] [stdout] 6 | use std::task::{LocalWaker, Poll};
[INFO] [stdout]   |                 ^^^^^^^^^^ no `LocalWaker` in `task`
[INFO] [stdout] 
[INFO] [stdout] 
[INFO] [stdout] error[E0432]: unresolved import `std::await`
[INFO] [stdout]   --> /opt/rustwide/cargo-home/registry/src/github.com-1ecc6299db9ec823/tokio-async-await-0.1.4/src/lib.rs:77:9
[INFO] [stdout]    |
[INFO] [stdout] 77 | pub use std::await as std_await;
[INFO] [stdout]    |         ^^^^^^^^^^^^^^^^^^^^^^^ no `await` in the root
[INFO] [stdout] 
[INFO] [stdout] 
[INFO] [stdout] error[E0412]: cannot find type `LocalWaker` in module `task`
[INFO] [stdout]   --> /opt/rustwide/cargo-home/registry/src/github.com-1ecc6299db9ec823/tokio-async-await-0.1.4/src/io/read.rs:32:51
[INFO] [stdout]    |
[INFO] [stdout] 32 |     fn poll(mut self: Pin<&mut Self>, _lw: &task::LocalWaker) -> Poll<Self::Output> {
[INFO] [stdout]    |                                                   ^^^^^^^^^^ not found in `task`
[INFO] [stdout] 
[INFO] [stdout] 
[INFO] [stdout] error[E0412]: cannot find type `LocalWaker` in module `task`
[INFO] [stdout]   --> /opt/rustwide/cargo-home/registry/src/github.com-1ecc6299db9ec823/tokio-async-await-0.1.4/src/io/read_exact.rs:37:51
[INFO] [stdout]    |
[INFO] [stdout] 37 |     fn poll(mut self: Pin<&mut Self>, _lw: &task::LocalWaker) -> Poll<Self::Output> {
[INFO] [stdout]    |                                                   ^^^^^^^^^^ not found in `task`
[INFO] [stdout] 
[INFO] [stdout] 
[INFO] [stdout] error[E0412]: cannot find type `LocalWaker` in module `task`
[INFO] [stdout]   --> /opt/rustwide/cargo-home/registry/src/github.com-1ecc6299db9ec823/tokio-async-await-0.1.4/src/io/write.rs:32:51
[INFO] [stdout]    |
[INFO] [stdout] 32 |     fn poll(mut self: Pin<&mut Self>, _lw: &task::LocalWaker) -> Poll<io::Result<usize>> {
[INFO] [stdout]    |                                                   ^^^^^^^^^^ not found in `task`
[INFO] [stdout] 
[INFO] [stdout] 
[INFO] [stdout] error[E0412]: cannot find type `LocalWaker` in module `task`
[INFO] [stdout]   --> /opt/rustwide/cargo-home/registry/src/github.com-1ecc6299db9ec823/tokio-async-await-0.1.4/src/io/write_all.rs:37:51
[INFO] [stdout]    |
[INFO] [stdout] 37 |     fn poll(mut self: Pin<&mut Self>, _lw: &task::LocalWaker) -> Poll<io::Result<()>> {
[INFO] [stdout]    |                                                   ^^^^^^^^^^ not found in `task`
[INFO] [stdout] 
[INFO] [stdout] 
[INFO] [stdout] error[E0412]: cannot find type `LocalWaker` in module `task`
[INFO] [stdout]   --> /opt/rustwide/cargo-home/registry/src/github.com-1ecc6299db9ec823/tokio-async-await-0.1.4/src/sink/send.rs:31:51
[INFO] [stdout]    |
[INFO] [stdout] 31 |     fn poll(mut self: Pin<&mut Self>, _lw: &task::LocalWaker) -> Poll<Self::Output> {
[INFO] [stdout]    |                                                   ^^^^^^^^^^ not found in `task`
[INFO] [stdout] 
[INFO] [stdout] 
[INFO] [stdout] error: aborting due to 11 previous errors
[INFO] [stdout] 
[INFO] [stdout] 
[INFO] [stdout] Some errors have detailed explanations: E0412, E0432, E0557.
[INFO] [stdout] 
[INFO] [stdout] For more information about an error, try `rustc --explain E0412`.
[INFO] [stdout] 
[INFO] [stderr] error: could not compile `tokio-async-await`
[INFO] [stderr] 
[INFO] [stderr] To learn more, run the command again with --verbose.
[INFO] [stderr] warning: build failed, waiting for other jobs to finish...
[INFO] [stderr] error: build failed
[INFO] running `Command { std: "docker" "inspect" "94f32d7cdfeb4ee1a0a6df7a6e3e73f6034505193be9b2920a72b910a7f12433", kill_on_drop: false }`
[INFO] running `Command { std: "docker" "rm" "-f" "94f32d7cdfeb4ee1a0a6df7a6e3e73f6034505193be9b2920a72b910a7f12433", kill_on_drop: false }`
[INFO] [stdout] 94f32d7cdfeb4ee1a0a6df7a6e3e73f6034505193be9b2920a72b910a7f12433
